{"id":16,"date":"2022-01-12T09:31:24","date_gmt":"2022-01-12T09:31:24","guid":{"rendered":"https:\/\/physio-fritsch.at\/?page_id=16"},"modified":"2022-02-28T21:50:33","modified_gmt":"2022-02-28T21:50:33","slug":"kontakt","status":"publish","type":"page","link":"https:\/\/physio-fritsch.at\/index.php\/kontakt\/","title":{"rendered":"Kontakt"},"content":{"rendered":"\n<p><strong>Physiotherapie Daniel Fritsch<\/strong><br>6645 Vorderhornbach, Nr. 129<\/p>\n\n\n\n<p>E-Mail: <a href=\"https:\/\/hollandsabine.wordpress.com\/kontakt\/info@physio-fritsch.at?customize_changeset_uuid=1b43525d-ea38-4da5-9fe5-f47b9fbccd9d&amp;customize_messenger_channel=preview-1\">info@physio-fritsch.at<\/a><br>Telefon: 0660 703 0048<\/p>\n\n\n\n<p><strong>\u00d6ffnungszeiten<\/strong><br>Montag bis Samstag 08:00 bis 20:00 Uhr<\/p>\n\n\n\n<p>Terminanfragen und allgemeine Fragen beantworte ich Ihnen gern telefonisch und per Email. <\/p>\n\n\n\n<figure class=\"wp-block-gallery has-nested-images columns-default is-cropped wp-block-gallery-1 is-layout-flex wp-block-gallery-is-layout-flex\">\n<figure class=\"wp-block-image size-large\"><img loading=\"lazy\" decoding=\"async\" width=\"1024\" height=\"576\" data-id=\"156\" src=\"https:\/\/physio-fritsch.at\/wp-content\/uploads\/2022\/02\/Schild_Fritsch_neu_-1024x576.jpg\" alt=\"\" class=\"wp-image-156\" srcset=\"https:\/\/physio-fritsch.at\/wp-content\/uploads\/2022\/02\/Schild_Fritsch_neu_-1024x576.jpg 1024w, https:\/\/physio-fritsch.at\/wp-content\/uploads\/2022\/02\/Schild_Fritsch_neu_-300x169.jpg 300w, https:\/\/physio-fritsch.at\/wp-content\/uploads\/2022\/02\/Schild_Fritsch_neu_-768x432.jpg 768w, https:\/\/physio-fritsch.at\/wp-content\/uploads\/2022\/02\/Schild_Fritsch_neu_-1536x864.jpg 1536w, https:\/\/physio-fritsch.at\/wp-content\/uploads\/2022\/02\/Schild_Fritsch_neu_-676x380.jpg 676w, https:\/\/physio-fritsch.at\/wp-content\/uploads\/2022\/02\/Schild_Fritsch_neu_.jpg 1930w\" sizes=\"auto, (max-width: 1024px) 100vw, 1024px\" \/><\/figure>\n\n\n\n<figure class=\"wp-block-image size-large\"><img loading=\"lazy\" decoding=\"async\" width=\"1024\" height=\"924\" data-id=\"160\" src=\"https:\/\/physio-fritsch.at\/wp-content\/uploads\/2022\/02\/Fritsch_Eingang_2-1024x924.jpg\" alt=\"\" class=\"wp-image-160\" srcset=\"https:\/\/physio-fritsch.at\/wp-content\/uploads\/2022\/02\/Fritsch_Eingang_2-1024x924.jpg 1024w, https:\/\/physio-fritsch.at\/wp-content\/uploads\/2022\/02\/Fritsch_Eingang_2-300x271.jpg 300w, https:\/\/physio-fritsch.at\/wp-content\/uploads\/2022\/02\/Fritsch_Eingang_2-768x693.jpg 768w, https:\/\/physio-fritsch.at\/wp-content\/uploads\/2022\/02\/Fritsch_Eingang_2-676x610.jpg 676w, https:\/\/physio-fritsch.at\/wp-content\/uploads\/2022\/02\/Fritsch_Eingang_2.jpg 1370w\" sizes=\"auto, (max-width: 1024px) 100vw, 1024px\" \/><\/figure>\n<\/figure>\n\n\n\n<p>Finden Sie Ruhe, Entspannung und Zuwendung in meinen neuen Praxisr\u00e4umen in Vorderhornbach. In den gro\u00dfz\u00fcgigen, hellen, unter baugesundheitlichen Aspekten errichteten Praxisr\u00e4umen freue ich mich auf Ihren Besuch!<\/p>\n\n\n\n<p> Beachten Sie auch mein gro\u00dfes Angebot an zus\u00e4tzlichen Leistungen wie Massagen. Gerne informiere ich Sie \u00fcber Preise etc.  <\/p>\n\n\n\n<figure class=\"wp-block-image size-full is-resized\"><img loading=\"lazy\" decoding=\"async\" src=\"https:\/\/physio-fritsch.at\/wp-content\/uploads\/2022\/02\/IMG-20220227-WA0005.jpg\" alt=\"\" class=\"wp-image-180\" width=\"205\" height=\"272\" srcset=\"https:\/\/physio-fritsch.at\/wp-content\/uploads\/2022\/02\/IMG-20220227-WA0005.jpg 437w, https:\/\/physio-fritsch.at\/wp-content\/uploads\/2022\/02\/IMG-20220227-WA0005-225x300.jpg 225w\" sizes=\"auto, (max-width: 205px) 100vw, 205px\" \/><figcaption>Anfahrtsskizze, Quelle: mica | Das Werbewerk., Sonthofen<br><\/figcaption><\/figure>\n\n\n","protected":false},"excerpt":{"rendered":"<p>Physiotherapie Daniel Fritsch6645 Vorderhornbach, Nr. 129 E-Mail: info@physio-fritsch.atTelefon: 0660 703 0048 \u00d6ffnungszeitenMontag bis Samstag 08:00 bis 20:00 Uhr Terminanfragen und allgemeine Fragen beantworte ich Ihnen gern telefonisch und per Email. Finden Sie Ruhe, Entspannung und Zuwendung in meinen neuen Praxisr\u00e4umen in Vorderhornbach. In den gro\u00dfz\u00fcgigen, hellen, unter baugesundheitlichen Aspekten errichteten Praxisr\u00e4umen freue ich mich auf [&hellip;]<\/p>\n","protected":false},"author":1,"featured_media":0,"parent":0,"menu_order":0,"comment_status":"closed","ping_status":"closed","template":"","meta":{"footnotes":""},"class_list":["post-16","page","type-page","status-publish","hentry","post-preview"],"_links":{"self":[{"href":"https:\/\/physio-fritsch.at\/index.php\/wp-json\/wp\/v2\/pages\/16","targetHints":{"allow":["GET"]}}],"collection":[{"href":"https:\/\/physio-fritsch.at\/index.php\/wp-json\/wp\/v2\/pages"}],"about":[{"href":"https:\/\/physio-fritsch.at\/index.php\/wp-json\/wp\/v2\/types\/page"}],"author":[{"embeddable":true,"href":"https:\/\/physio-fritsch.at\/index.php\/wp-json\/wp\/v2\/users\/1"}],"replies":[{"embeddable":true,"href":"https:\/\/physio-fritsch.at\/index.php\/wp-json\/wp\/v2\/comments?post=16"}],"version-history":[{"count":8,"href":"https:\/\/physio-fritsch.at\/index.php\/wp-json\/wp\/v2\/pages\/16\/revisions"}],"predecessor-version":[{"id":182,"href":"https:\/\/physio-fritsch.at\/index.php\/wp-json\/wp\/v2\/pages\/16\/revisions\/182"}],"wp:attachment":[{"href":"https:\/\/physio-fritsch.at\/index.php\/wp-json\/wp\/v2\/media?parent=16"}],"curies":[{"name":"wp","href":"https:\/\/api.w.org\/{rel}","templated":true}]}}